 24062332?
2, 7, 293, 419
List the prime factors of 35731786.
2, 229, 78017
List the prime factors of 1182864499.
29, 40788431
List the prime factors of 192917365.
5, 3499, 11027
What are the prime factors of 20434080?
2, 3, 5, 42571
List the prime factors of 97699178.
2, 19, 2571031
List the prime factors of 532069893.
3, 17, 3477581
What are the prime factors of 88070591?
7, 17, 105727
What are the prime factors of 3227193994?
2, 47, 233, 147347
List the prime factors of 2254794984.
2, 3, 13, 2408969
What are the prime factors of 56941888?
2, 499, 1783
What are the prime factors of 61482311?
11, 523, 10687
What are the prime factors of 9202707?
3, 19, 17939
What are the prime factors of 17632344?
2, 3, 271, 2711
List the prime factors of 53172661.
53172661
What are the prime factors of 601849928?
2, 19, 3959539
List the prime factors of 1926363885.
3, 5, 41, 3132299
What are the prime factors of 3460971359?
3460971359
What are the prime factors of 78695883?
3, 7, 1249141
What are the prime factors of 4333376737?
4333376737
What are the prime factors of 77691643?
337, 230539
What are the prime factors of 200166484?
2, 7, 97, 73699
What are the prime factors of 2120835976?
2, 7, 101, 569, 659
What are the prime factors of 1322957708?
2, 59, 5605753
What are the prime factors of 7846291?
1237, 6343
List the prime factors of 410175253.
797, 514649
What are the prime factors of 95583179?
3257, 29347
List the prime factors of 48776803.
48776803
What are the prime factors of 69146689?
193, 358273
List the prime factors of 533065358.
2, 7, 1237, 30781
What are the prime factors of 178278177?
3, 7, 11, 613, 1259
What are the prime factors of 5409236814?
2, 3, 71, 12697739
List the prime factors of 2300188320.
2, 3, 5, 532451
What are the prime factors of 763070157?
3, 71, 1194163
What are the prime factors of 13026625?
5, 23, 197
What are the prime factors of 3137982293?
3137982293
List the prime factors of 1041317058.
2, 3, 523, 331841
List the prime factors of 595563170.
2, 5, 19, 3134543
What are the prime factors of 5767272972?
2, 3, 9293, 17239
What are the prime factors of 1582963248?
2, 3, 32978401
List the prime factors of 812835745.
5, 257, 632557
What are the prime factors of 186280578?
2, 3, 11, 79, 11909
List the prime factors of 423239.
67, 6317
List the prime factors of 48570125.
5, 337, 1153
What are the prime factors of 2964178669?
37, 80112937
List the prime factors of 132813869.
47, 2825827
What are the prime factors of 6116061528?
2, 3, 2693, 31543
What are the prime factors of 1802838686?
2, 11, 191, 429043
List the prime factors of 147428938.
2, 6917, 10657
List the prime factors of 95170488.
2, 3, 7, 17, 47, 709
List the prime factors of 172412866.
2, 463, 186191
What are the prime factors of 1425791013?
3, 47, 10111993
List the prime factors of 2391511262.
2, 7, 53, 3223061
What are the prime factors of 714612701?
11, 163, 398557
What are the prime factors of 807739017?
3, 211, 1276049
What are the prime factors of 52358306?
2, 7, 11, 13, 26153
What are the prime factors of 555391086?
2, 3, 6763, 13687
What are the prime factors of 574478796?
2, 3, 43, 181, 6151
List the prime factors of 56099588.
2, 14024897
List the prime factors of 216810449.
4831, 44879
List the prime factors of 126965735.
5, 13, 359, 5441
List the prime factors of 658442395.
5, 13, 337, 30059
List the prime factors of 26965379.
7, 1193, 3229
List the prime factors of 22440561.
3, 11, 13, 17, 181
What are the prime factors of 62345396?
2, 15586349
What are the prime factors of 5172510949?
1223, 1543, 2741
List the prime factors of 6400418301.
3, 197, 821, 4397
List the prime factors of 95217262.
2, 7, 991, 6863
What are the prime factors of 7979097477?
3, 13, 53, 3860231
What are the prime factors of 596841137?
596841137
What are the prime factors of 20167016?
2, 1489, 1693
List the prime factors of 255371913.
3, 19, 497801
List the prime factors of 29663213.
41, 723493
List the prime factors of 1557574329.
3, 23, 22573541
What are the prime factors of 193097489?
13, 23, 409, 1579
What are the prime factors of 20959986?
2, 3, 59, 59209
What are the prime factors of 1702992571?
7, 61, 3988273
List the prime factors of 197719377.
3, 19, 113, 30697
What are the prime factors of 12476660?
2, 5, 7, 89119
List the prime factors of 175040481.
3, 7, 11, 757751
What are the prime factors of 3449935792?
2, 19, 59, 192347
List the prime factors of 358962279.
3, 13, 769, 11969
List the prime factors of 148188865.
5, 11, 2694343
List the prime factors of 46774385.
5, 7, 73, 18307
What are the prime factors of 1928289081?
3, 19, 41, 43427
What are the prime factors of 1073962354?
2, 536981177
List the prime factors of 3765179174.
2, 1882589587
What are the prime factors of 579555538?
2, 289777769
What are the prime factors of 1909809892?
2, 477452473
What are the prime factors of 75112863?
3, 7, 3576803
List the prime factors of 343633873.
11, 47, 664669
List the prime factors of 141050209.
41, 67, 51347
List the prime factors of 1490599417.
103, 1409, 10271
List the prime factors of 413128497.
3, 137709499
List the prime factors of 549780650.
2, 5, 10995613
List the prime factors of 31078709.
31, 313, 3203
What are the prime factors of 1211757421?
7, 83, 113, 18457
List the prime factors of 47746494.
2, 3, 79, 33577
What are the prime factors of 401156128?
2, 12536129
What are the prime factors of 44199851?
227, 194713
List the prime factors of 26152833.
3, 7, 103, 107, 113
What are the prime factors of 4527712595?
5, 7, 17, 31, 245471
What are the prime factors of 13503461?
23, 587107
What are the prime factors of 200100813?
3, 11, 479, 12659
What are the prime factors of 6439252717?
109, 2719, 21727
List the prime factors of 421957981.
421957981
List the prime factors of 8359030.
2, 5, 769, 1087
What are the prime factors of 22553701?
233, 96797
List the prime factors of 109612101.
3, 36537367
List the prime factors of 7476483239.
61, 122565299
What are the prime factors of 419261128?
2, 11, 13, 33317
What are the prime factors of 39734181?
3, 4414909
List the prime factors of 124005071.
83, 1494037
What are the prime factors of 243405847?
17, 107, 133813
What are the prime factors of 5392482422?
2, 499, 709, 7621
List the prime factors of 1906702748.
2, 2633, 181039
What are the prime factors of 314234508?
2, 3, 7, 79, 47353
List the prime factors of 32933988.
2, 3, 41, 53, 421
What are the prime factors of 560193117?
3, 11, 16975549
List the prime factors of 595524211.
23, 25892357
What are the prime factors of 37935239?
37935239
What are the prime factors of 373754145?
3, 5, 53, 470131
List the prime factors of 242441951.
242441951
What are the prime factors of 1313766249?
3, 1153, 379811
What are the prime factors of 2058756375?
3, 5, 13, 422309
What are the prime factors of 29701358?
2, 14850679
What are the prime factors of 1124167864?
2, 140520983
List the prime factors of 379057335.
3, 5, 25270489
List the prime factors of 167638349.
19, 127, 69473
List the prime factors of 1860391852.
2, 11, 42281633
What are the prime factors of 85281112?
2, 7, 17, 29, 3089
List the prime factors of 17262135.
3, 5, 11, 43, 811
List the prime factors of 224755385.
5, 17, 2644181
What are the prime factors of 294422581?
294422581
What are the prime factors of 245585618?
2, 122792809
List the prime factors of 3090793.
31, 179, 557
List the prime factors of 598524083.
17, 35207299
What are the prime factors of 104151622?
2, 17, 563, 5441
List the prime factors of 275530317.
3, 23, 3993193
List the prime factors of 32390730.
2, 3, 5, 359897
List the prime factors of 2210973394.
2, 7, 23, 980911
List the prime factors of 6458408449.
1613, 4003973
List the prime factors of 143544334.
2, 23, 3120529
List the prime factors of 267138825.
3, 5, 61, 58391
What are the prime factors of 12843997?
103, 124699
List the prime factors of 4616109294.
2, 3, 769351549
What are the prime factors of 57871043?
17, 109, 31231
What are the prime factors of 1894083331?
7, 73, 3706621
List the prime factors of 222215173.
149, 1491377
List the prime factors of 309349947.
3, 107, 963707
List the prime factors of 3472019188.
2, 11, 19, 23, 53, 3407
What are the prime factors of 19353878?
2, 2179, 444